32b (base 16) to base 14
-65528b
-22201010201011 (base 3) to base 12
-1672441
What is 3004430 (base 5) in base 9?
72126
What is -17ab960 (base 12) in base 2?
-10010111001110110011000
-112611003 (base 7) to base 6
-404250303
What is -463a61 (base 14) in base 16?
-248005
16737b (base 15) to base 11
6830a4
Convert cb953c (base 13) to base 16.
491854
3303120312 (base 4) to base 9
1778456
What is 12c254 (base 13) in base 6?
13431202
Convert -19ad06 (base 16) to base 7.
-20205546
Convert 67b9d (base 14) to base 5.
31030444
8a03 (base 16) to base 5
2112311
161621613 (base 7) to base 4
221230131033
-29206 (base 10) to base 16
-7216
Convert 1304789 (base 10) to base 14.
25d713
What is 11111011000 (base 3) in base 16?
158fd
-1750a (base 14) to base 2
-1110010011110110
What is 1560422 (base 9) in base 6?
30323032
What is 4243534 (base 6) in base 3?
101120121111
Convert -654896 (base 10) to base 16.
-9fe30
Convert -122012121022 (base 3) to base 16.
-52b08
Convert -283107 (base 11) to base 12.
-19469b
Convert 16022 (base 14) to base 11.
38289
11101100001001011101 (base 2) to base 6
32422021
What is -102100102211112 (base 3) in base 2?
-10111000000100100001001
Convert 105133 (base 12) to base 14.
69c7d
2635237 (base 9) to base 12
5958a4
-54654523 (base 7) to base 6
-244444104
-25a354 (base 15) to base 4
-12321000223
Convert 1614540 (base 11) to base 12.
b10415
-122d2 (base 16) to base 5
-4340300
What is 532bd7 (base 15) in base 16?
3c65a1
5635671 (base 8) to base 16
173bb9
-4427a08 (base 11) to base 13
-17c09b9
What is -76832 (base 16) in base 3?
-220122212202
What is 656354 (base 8) in base 4?
311303230
What is 23cac4 (base 13) in base 9?
1544777
What is 475277 (base 10) in base 5?
110202102
What is -180a63 (base 12) in base 10?
-416235
What is -12031100013 (base 4) in base 2?
-110001101010000000111
389660 (base 10) to base 8
1371034
What is -34f3 (base 16) in base 11?
-a203
What is 1324323 (base 11) in base 14?
438628
4520501 (base 6) to base 8
675665
Convert 81315 (base 15) to base 4.
1203313232
13561526 (base 7) to base 2
100110111011010010011
Convert 564d2 (base 14) to base 5.
23201022
-284550 (base 9) to base 2
-101010011110000000
What is 2237 (base 8) in base 16?
49f
-226132 (base 11) to base 8
-1276146
Convert 111202010100 (base 3) to base 13.
961b6
Convert -1321232000 (base 4) to base 12.
-200628
384214 (base 9) to base 8
706426
a2789 (base 14) to base 13
10905a
Convert -21101102020 (base 3) to base 7.
-1143555
What is 11000001001011110100110 (base 2) in base 10?
6330278
Convert -15157383 (base 9) to base 13.
-173ba3a
-32573 (base 16) to base 12
-9b3ab
78750 (base 10) to base 8
231636
53573 (base 12) to base 6
2203423
Convert -289b6b (base 14) to base 13.
-3a4998
10000201030 (base 4) to base 3
1222101021211
Convert 437305 (base 8) to base 12.
71199
1010111101001001110 (base 2) to base 7
3023422
What is 3306aa (base 11) in base 8?
2007062
What is 31326b (base 14) in base 11?
a34703
Convert 175514 (base 14) to base 10.
821454
What is 920719 (base 11) in base 8?
5511670
-2414213040 (base 5) to base 4
-111123100011
-224105 (base 11) to base 5
-42404314
Convert -1011223203 (base 4) to base 13.
-9cba9
What is 387a78 (base 12) in base 4?
3202010330
What is -1a4509 (base 11) in base 12?
-131447
What is -10101001100011110010 (base 2) in base 16?
-a98f2
What is -44041455 (base 6) in base 3?
-2110122122122
-36b0b (base 12) to base 4
-102012323
-11011100010110100010110 (base 2) to base 10
-7220502
What is 34a121 (base 14) in base 5?
424413201
Convert 1003200220 (base 4) to base 2.
1000011100000101000
What is 47641 (base 14) in base 7?
1323411
What is -101011111111010110 (base 2) in base 4?
-223333112
Convert 3a3906 (base 13) to base 5.
330020412
What is -174422 (base 8) in base 6?
-1211110
Convert 2461394 (base 14) to base 8.
102426746
Convert 6275384 (base 9) to base 11.
1992987
What is 1d007a (base 15) in base 12?
584467
-241241033 (base 5) to base 3
-2002210222100
What is 21002101220 (base 3) in base 13?
4b684
Convert 1553253 (base 7) to base 2.
110100011101000110
12131233021 (base 4) to base 2
110011101101111001001
Convert -4482166 (base 10) to base 12.
-1601a1a
What is -210350 (base 9) in base 8?
-364023
Convert -1c5e8 (base 15) to base 9.
-150752
2432230 (base 6) to base 11
88875
What is 1118713 (base 9) in base 11?
382432
101110011100011111001100 (base 2) to base 10
12175308
What is -1331030021 (base 4) in base 7?
-4233656
-232060 (base 9) to base 10
-139293
What is -125027 (base 12) in base 13?
-a6111
24366663 (base 8) to base 9
11083222
What is 489713 (base 12) in base 11?
73498a
40b3c (base 15) to base 13
72429
55ae1 (base 15) to base 5
32204321
-591822 (base 11) to base 10
-939347
What is 110100010100001 (base 2) in base 11?
19140
-986cf (base 16) to base 9
-1151375
28020 (base 14) to base 7
561040
What is -111101110100001 (base 2) in base 12?
-16395
Convert -444958 (base 10) to base 5.
-103214313
What is 85259 (base 10) in base 4?
110310023
Convert 6355246 (base 8) to base 7.
20254603
What is -179e8 (base 16) in base 3?
-11220201010
Convert -495962 (base 10) to base 15.
-9be42
What is 11111101001000100111 (base 2) in base 10?
1036839
-627445 (base 9) to base 5
-43413014
Convert 2441500 (base 9) to base 4.
11003311320
-15243 (base 15) to base 14
-1ab01
What is 300670 (base 8) in base 4?
120012320
Convert 1261688 (base 13) to base 6.
323040552
Convert -2394310 (base 14) to base 3.
-1012001012120210
What is -133110131 (base 4) in base 10?
-128285
What is 6305366 (base 9) in base 2?
1100110110101100001101
Convert -2e95b0 (base 15) to base 11.
-1303387
811ba (base 14) to base 6
10353104
Convert -306d1 (base 14) to base 12.
-57593
What is 11435040 (base 7) in base 4?
3320120112
What is 17343 (base 12) in base 11?
23037
What is -513512 (base 6) in base 2?
-1010000000110100
What is -15544 (base 6) in base 3?
-10112201
What is -121021201 (base 3) in base 5?
-334442
-152202 (base 10) to base 8
-451212
26002361 (base 7) to base 13
64551b
Convert -180775 (base 10) to base 7.
-1352020
What is 122344433 (base 6) in base 3?
11110000112010
-3819670 (base 13) to base 8
-102604062
What is -1100100111011011111 (base 2) in base 8?
-1447337
Convert 15b7aca (base 13) to base 7.
113423651
-361167 (base 10) to base 5
-43024132
What is 10b5e8 (base 15) in base 7?
6532034
Convert 826096 (base 11) to base 3.
2111100122000
What is -34310101 (base 5) in base 7?
-2415520
What is -101302332003 (base 4) in base 12?
-168b943
What is -114556 (base 13) in base 4?
-1203333112
What is 1001011000011100000000 (base 2) in base 7?
26622145
Convert 61160 (base 9) to base 16.
9d26
What is -d162c (base 15) in base 3?
-1020200022120
Convert -20000022010220 (base 3) to base 16.
-30bed7
Convert -322312041 (base 6) to base 4.
-111303301321
Convert -2624020 (base 9) to base 10.
-1433232
-62160614 (base 7) to base 2
-10011110111100000001010
What is -23504665 (base 7) in base 6?
-112412221
What is -1a57947 (base 12) in base 15?
-756ac1
Convert 1004a78 (base 11) to base 12.
719058
Convert -123101303 (base 4) to base 9.
-180235
514124 (base 9) to base 6
10311121
56021612 (base 7) to base 8
22327601
-3012023 (base 4) to base 10
-12683
Convert -2332650 (base 8) to base 6.
-21345544
10111010000000101010111 (base 2) to base 10
6095191
10011501 (base 6) to base 4
1010300131
Convert -7079 (base 16) to base 5.
-1410133
What is 402513235 (base 6) in base 15?
905665
Convert 24014022 (base 5) to base 4.
311223233
27750 (base 8) to base 4
2333220
-321402 (base 7) to base 11
-38995
What is -631546 (base 7) in base 10?
-108667
Convert -4b1161 (base 12) to base 6.
-42133001
What is -103301211213 (base 4) in base 13?
-10c6686
Convert -3464737 (base 11) to base 9.
-12345063
What is -1040450023 (base 6) in base 8?
-52667337
What is 7246 (base 16) in base 3?
1111010111
Convert 53186 (base 9) to base 7.
204324
Convert -111011010011111110 (base 2) to base 15.
-4beb2
What is -112110101 (base 4) in base 16?
-16511
-57835 (base 14) to base 10
-212903
Convert 1216078 (base 12) to base 16.
35a1dc
10b174 (base 14) to base 13
16b89b
84198 (base 12) to base 2
101010010000000100
-793be5 (base 16) to base 11
-453737a
2746b2 (base 14) to base 15
1bc07d
Convert -121310121 (base 5) to base 10.
-572536
What is -2016146 (base 7) 